Let v = 19 - 19. Suppose -7 - 5 = -4*n. Suppose -n*b + 343 = 5*i, -b - 5*i + 131 = -v*i. What is the remainder when b is divided by 36?
34
What is the remainder when 469 is divided by (-5 - (-196)/36) + 383/9?
39
Suppose -2*o - p = -167, 4*o - 337 = -12*p + 7*p. What is the remainder when o is divided by 14?
13
Suppose -14 = 4*o + 4*v + 22, 5*v + 15 = -2*o. Let q = 3 - o. Let b(r) = 9*r**2 - 2*r - 4. Calculate the remainder when b(-2) is divided by q.
10
Let h be (-4 + 1)*(-2 + -1). Suppose r - 3*u - h = 0, 0*u + u + 18 = 2*r. Suppose 7*f - 26 = 6*f. What is the remainder when f is divided by r?
8
Suppose -242 - 1506 = -4*z. What is the remainder when z is divided by 88?
85
Let u = -7 + 10. Suppose -7 - 2 = 3*l + u*p, -2*l - 2 = -2*p. Calculate the remainder when (15/(-4))/(l/8) is divided by 8.
7
Let i(f) = -f**2 - 31*f + 78. Calculate the remainder when i(-27) is divided by 95.
91
Let v(y) = 3*y - 11. Let h be v(12). Suppose p = 5*s - 2*p, 5*p - h = 0. Let k = 19 - 13. What is the remainder when k is divided by s?
0
Let l be -1 + 3 - (3 + -4). Suppose l*v + 147 = -0. What is the remainder when (v/(-2))/(3/6) is divided by 26?
23
Let w = -115 + 223. Suppose h - 3*h = -w. What is the remainder when h is divided by 28?
26
Let c = -68 - -38. Let x = 15 - c. What is the remainder when x is divided by 13?
6
Suppose 3*i - 5*i + 2*c - 8 = 0, 3*i = -4*c - 19. Let q = 17 - -9. What is the remainder when q is divided by i/5 - (-1 - 9)?
8
Let t = 23 - 19. Suppose 5*i - t*i - 16 = 0. Suppose -3*q + 184 = q. Calculate the remainder when q is divided by i.
14
What is the remainder when ((-2)/(-14))/((-6)/(-3318)) is divided by 20?
19
Suppose -11*z + 228 = 5*g - 9*z, 104 = 2*g + 4*z. Calculate the remainder when 1229 is divided by g.
41
What is the remainder when 1/(8*4/8736) is divided by 129?
15
Suppose z = -2*u + 12, 2*z + 2*u - 21 = -u. Let s be (-2)/(-9) + 116/(-36). Calculate the remainder when 35 is divided by s + z + (-15)/(-1).
17
Let f(n) = 18*n**3 - 4*n**2 + n + 6. Calculate the remainder when 279 is divided by f(2).
7
Let q be (-274)/(-10) + 6/10. Suppose 5*g = g - q. Calculate the remainder when 1168/28 - 2/g is divided by 15.
12
Suppose 0 = -10*d - 25*d + 20125. Calculate the remainder when d is divided by 12.
11
Let k = -277 + 357. What is the remainder when k is divided by 42?
38
Let w(j) = -10*j - 37. Suppose f - x + 6 = 0, x - 4*x = 5*f + 14. What is the remainder when 6 is divided by w(f)?
0
Suppose 0 = 25*m + 12*m - 370. What is the remainder when 91 is divided by m?
1
Let g = 1378 + -1178. What is the remainder when g is divided by 103?
97
Suppose 3*y = -3*g + 42, -y + 8 + 3 = 2*g. What is the remainder when 20 is divided by y?
3
Suppose 2*l - 15 = -3*l. Suppose -l*c - 3*i + 459 + 84 = 0, 724 = 4*c - 3*i. What is the remainder when c is divided by 23?
20
Suppose 2*m = 340 + 60. Suppose -m = -f - 4*f. Suppose -2*o = -2*d - 30, 9*d - 24 = -2*o + 5*d. Calculate the remainder when f is divided by o.
12
Let s(l) = l - 14. Let o be s(16). Suppose -48 = -o*d - 4*j + 132, 5*d - 4*j - 422 = 0. What is the remainder when d is divided by 22?
20
Let y(n) = -n**2 + 47*n + 128. What is the remainder when y(47) is divided by 67?
61
Suppose -2*d = -0 + 4, 3*s = 2*d + 949. Calculate the remainder when s is divided by 17.
9
Suppose 5*x = 2*w - 3*w + 71, -x = 4*w - 18. What is the remainder when 24 is divided by x?
10
Suppose 40 = 12*s - 116. Suppose 0 = -3*i + 57 + 51. What is the remainder when i is divided by s?
10
Let s = -147 + 205. What is the remainder when s is divided by 32?
26
Suppose -866 + 3631 = 35*d. Let r(v) = -v**3 + 7*v**2 - 4*v - 4. Calculate the remainder when d is divided by r(4).
23
What is the remainder when ((-2090)/(-275))/((-1)/(-10)) is divided by 42?
34
Suppose -2*g - 7 = -n + 67, -3 = -g. What is the remainder when n is divided by 20?
0
Let c be -2 - 1*(-30 + 4). Suppose -34 = -2*k - c. Calculate the remainder when 54 is divided by k.
4
Let i = -769 - -774. What is the remainder when 26 is divided by i?
1
Suppose 0 = 187*b - 192*b + 25. What is the remainder when b is divided by 2?
1
Let t be (-3818)/(-14) - (2 + 96/(-42)). Suppose 15*f + t = 22*f. Calculate the remainder when f is divided by 11.
6
Suppose 7 = -13*a + 150. Calculate the remainder when 34 is divided by a.
1
Let h = -3 + 54. What is the remainder when h is divided by 15?
6
Let b(f) = f**2 - 29*f + 89. Suppose 0 = 3*a - a + 2. What is the remainder when 1 + a + 129/3 is divided by b(26)?
10
Suppose 4*k = 12, 6 = -4*f + k + 19. Suppose u - 4*u - 2*d + 16 = 0, 3*u + f*d = 8. What is the remainder when 42 is divided by 4 + u + (0 - 1)?
9
Let k(r) = 2*r**2 - 2*r. Suppose 3*w = -4 - 2. Let j be w/1 - (0 + 0). What is the remainder when 23 is divided by k(j)?
11
Let z = 24 + -23. Let u(d) = 15*d**2. Calculate the remainder when 72 is divided by u(z).
12
Suppose -5*s = 2*f - 20, -9*f + 5*f = 20. What is the remainder when 8 is divided by s?
2
Let d(p) = p**2 + 2*p + 5. Suppose 3*z - 95 = -2*z. Let g = -25 + z. What is the remainder when d(g) is divided by 16?
13
Let s(k) be the first derivative of -5*k - 1/4*k**4 + 8/3*k**3 - 13 - 5/2*k**2. Calculate the remainder when 26 is divided by s(7).
8
Suppose -8*m = -5*m - 24. Calculate the remainder when 163 is divided by m.
3
Let h(g) be the first derivative of g**3/3 - 5*g**2 - 13*g - 5. Let u be h(9). What is the remainder when (1*5)/((-2)/u) is divided by 19?
17
Suppose 5*h = q - 6*q - 20, 5*q = -h - 12. Let c(v) = -v**3 + 5*v**2 - 2*v + 4. Let x be c(5). What is the remainder when 29 is divided by (x/q + -5)*-4?
5
Let w(n) = 7*n**2 + 4*n - 3. Let u(j) = j**2 - 1. Let f(c) = -6*u(c) + w(c). Let d = 94 + -101. What is the remainder when f(d) is divided by 9?
6
Let l = 282 + -274. Let z(w) = -w**3 - w**2 + w - 2. Let m be z(-2). Suppose -3*b + l*b - 105 = m. Calculate the remainder when 82 is divided by b.
19
Suppose -4*k - 12 = 0, 3*k + 29 = -m + 6*m. Suppose 14 + 22 = m*s. Calculate the remainder when 22 is divided by 8/3*s/3.
6
Suppose j - 4 = -0. Suppose 0*l = -3*i + l + 2, 1 = 5*i - j*l. Suppose -q = -i - 2, 2*q - 15 = -s. What is the remainder when 17 is divided by s?
8
Suppose 5*f - 2*u = -357, -5*f - u - 353 = -4*u. Let b = -36 - f. Calculate the remainder when b is divided by 14.
9
Let k(p) = -p**2 - 17*p + 82. Calculate the remainder when k(-17) is divided by 53.
29
Let m(p) = -4*p + 4. Let b = 2 - 4. Let a be m(b). Suppose -c + 14 = -a. Calculate the remainder when 103 is divided by c.
25
Suppose -656 - 129 - 1506 = -79*r. Let x = -23 + 44. Calculate the remainder when r is divided by x.
8
Let p(s) = -s**2 + s - 2. Let h(r) = -r**2. Let u(l) = -2*h(l) - p(l). Let j = -9 + 11. Calculate the remainder when 22 is divided by u(j).
10
Suppose -298 = -2*v - 4*i, 0 = -4*v - 45*i + 40*i + 599. What is the remainder when 450 is divided by v?
148
Let c(n) = -n**2 + 17*n - 39. Let b(t) = t**2 + 5*t - 3. Let r be b(2). What is the remainder when 78 is divided by c(r)?
24
Calculate the remainder when 748 is divided by 13/(-117) + 5784/54.
106
Let c be 2/5 + (-32)/(-20). Suppose -6 = -2*h - 3*w + 1, -3*h + c*w = 9. What is the remainder when 67 is divided by (h - -4) + 280/14?
21
Let g be 9/6*(-8)/(-6). Let o(k) = -5*k + 4. Let l be o(g). Let d(x) = x**3 + 8*x**2 - x - 5. Calculate the remainder when d(l) is divided by 19.
16
Let r = -996 + 1033. What is the remainder when r is divided by 19?
18
Calculate the remainder when ((-828)/(-144))/(1/8 - 0) is divided by 41.
5
Let u be -4*(-12)/22 - 64/352. Suppose 122 = u*q - 3*g + 5*g, 3*q + 4*g - 179 = 0. Calculate the remainder when q is divided by 14.
9
Let o = 8 + 3. Let m = 13 - o. Calculate the remainder when (m/3)/(2/165) is divided by 14.
13
Let j = 145 - 141. Suppose 50 = 2*y - 4*a + 2*a, 3*y + j*a - 54 = 0. Calculate the remainder when 43 is divided by y.
21
Let q(c) = c**2 - 10*c + 12. Let l be q(9). Suppose 4*v - 9 = -4*m + l, -4*v = 3*m - 10. Let w = 3 + -1. Calculate the remainder when m is divided by w.
0
Let k(l) = -l**3 - l**2 + 4*l + 4. Calculate the remainder when (113 - 72) + -5*1 is divided by k(-3).
6
Suppose -23 = 4*z + 57. Let h = -69 + -12. Let p = z - h. Calculate the remainder when p is divided by 16.
13
Let c(g) = -g**3 - g**2 + 19*g + 34. Calculate th